rime factors of 462975037.
7, 66139291
What are the prime factors of 328244105?
5, 7, 53, 176951
What are the prime factors of 100087108?
2, 11, 53, 167, 257
List the prime factors of 90919098.
2, 3, 561229
List the prime factors of 2912101055.
5, 41, 59, 240769
List the prime factors of 529724339.
23, 23031493
What are the prime factors of 61293159?
3, 2270117
What are the prime factors of 447117780?
2, 3, 5, 7451963
What are the prime factors of 163438029?
3, 18159781
List the prime factors of 29661097.
1201, 24697
List the prime factors of 156964000.
2, 5, 39241
List the prime factors of 181044394.
2, 2179, 41543
List the prime factors of 787597304.
2, 13, 7573051
What are the prime factors of 40513996?
2, 769, 13171
List the prime factors of 891937971.
3, 99104219
What are the prime factors of 544120475?
5, 29, 569, 1319
List the prime factors of 62856880.
2, 5, 463, 1697
List the prime factors of 2762575745.
5, 552515149
List the prime factors of 23491949.
13, 263, 6871
List the prime factors of 1556677583.
1556677583
What are the prime factors of 2083013118?
2, 3, 41, 223, 4219
List the prime factors of 114013472.
2, 911, 3911
List the prime factors of 10568495.
5, 7, 37, 8161
List the prime factors of 317755409.
167, 313, 6079
What are the prime factors of 354692547?
3, 11, 1194251
What are the prime factors of 158159646?
2, 3, 307, 28621
What are the prime factors of 53870293?
53870293
List the prime factors of 109710969.
3, 36570323
What are the prime factors of 10944510?
2, 3, 5, 97, 3761
What are the prime factors of 4604720898?
2, 3, 853, 899711
What are the prime factors of 29104653?
3, 9701551
What are the prime factors of 440246765?
5, 7, 1063, 11833
What are the prime factors of 2775325710?
2, 3, 5, 2549, 36293
List the prime factors of 6319929473.
11, 13, 19, 227, 10247
What are the prime factors of 88200992?
2, 11, 127, 1973
What are the prime factors of 70696389?
3, 79, 317, 941
List the prime factors of 233550773.
113, 337, 6133
List the prime factors of 1746678696.
2, 3, 7, 23, 64577
List the prime factors of 2174745152.
2, 37, 918389
What are the prime factors of 37335032?
2, 7, 666697
List the prime factors of 279062459.
13, 331, 64853
What are the prime factors of 65650691?
37, 181, 9803
What are the prime factors of 37484071?
37, 607, 1669
What are the prime factors of 2455738437?
3, 139, 227, 25943
What are the prime factors of 1224274030?
2, 5, 7, 53, 329993
List the prime factors of 193324874.
2, 2591, 37307
What are the prime factors of 551028488?
2, 43, 769, 2083
List the prime factors of 3250084853.
71, 4999, 9157
List the prime factors of 48897999.
3, 603679
List the prime factors of 703332068.
2, 199, 239, 3697
What are the prime factors of 882457256?
2, 110307157
List the prime factors of 137776071.
3, 29, 397, 3989
What are the prime factors of 35150334?
2, 3, 83, 70583
List the prime factors of 13900962.
2, 3, 379, 6113
List the prime factors of 61111582.
2, 7, 4365113
What are the prime factors of 235745489?
7, 71, 474337
List the prime factors of 1331086590.
2, 3, 5, 23, 613, 1049
List the prime factors of 1720636508.
2, 430159127
What are the prime factors of 8228929141?
8228929141
List the prime factors of 55966902.
2, 3, 9327817
What are the prime factors of 341379134?
2, 179, 659, 1447
What are the prime factors of 383207941?
19, 20168839
List the prime factors of 12313506.
2, 3, 89, 23059
List the prime factors of 50330321.
50330321
List the prime factors of 1737856100.
2, 5, 17378561
List the prime factors of 108069100.
2, 5, 31, 71, 491
What are the prime factors of 61150297?
13, 67, 70207
What are the prime factors of 2345957250?
2, 3, 5, 7, 13, 37, 929
What are the prime factors of 461501338?
2, 230750669
List the prime factors of 65561881.
7, 11, 241, 3533
What are the prime factors of 351711813?
3, 131, 193, 4637
List the prime factors of 106799946.
2, 3, 11, 1618181
What are the prime factors of 268591624?
2, 7, 4796279
List the prime factors of 57605234.
2, 28802617
List the prime factors of 433616473.
20443, 21211
What are the prime factors of 52803658?
2, 1879, 14051
What are the prime factors of 1396488794?
2, 29, 24077393
What are the prime factors of 950488292?
2, 13, 17, 829, 1297
What are the prime factors of 236802236?
2, 11, 5381869
What are the prime factors of 72022421?
17, 59, 71807
List the prime factors of 720457265.
5, 11, 13099223
List the prime factors of 5615883656.
2, 19, 36946603
List the prime factors of 408670745.
5, 7, 101, 193, 599
List the prime factors of 330092381.
43, 7676567
List the prime factors of 1126260816.
2, 3, 41, 43, 13309
What are the prime factors of 195257614?
2, 17, 5742871
What are the prime factors of 6520184?
2, 11, 74093
What are the prime factors of 379127524?
2, 269, 352349
What are the prime factors of 1802005855?
5, 13, 27723167
List the prime factors of 1020293054.
2, 11, 983, 4289
List the prime factors of 567929088.
2, 3, 246497
What are the prime factors of 317164735?
5, 29, 2187343
What are the prime factors of 113016247?
47, 601, 4001
List the prime factors of 47781665.
5, 491, 19463
List the prime factors of 1034716115.
5, 10771, 19213
What are the prime factors of 182242384?
2, 181, 62929
What are the prime factors of 3445005877?
103, 33446659
List the prime factors of 631575540.
2, 3, 5, 3508753
List the prime factors of 2369137215.
3, 5, 61, 97, 26693
What are the prime factors of 543437668?
2, 311, 389, 1123
What are the prime factors of 201295868?
2, 50323967
What are the prime factors of 537149506?
2, 71, 1181, 3203
List the prime factors of 756077532.
2, 3, 7, 47, 191509
List the prime factors of 154338128.
2, 7, 1378019
What are the prime factors of 1956547229?
7, 13, 21500519
What are the prime factors of 2721371313?
3, 149, 6088079
List the prime factors of 1686417581.
1686417581
What are the prime factors of 67137284?
2, 17, 987313
List the prime factors of 597804039.
3, 7, 2129, 4457
List the prime factors of 911353140.
2, 3, 5, 811, 2081
List the prime factors of 1705419245.
5, 13859, 24611
What are the prime factors of 5193297530?
2, 5, 17, 167, 182927
List the prime factors of 88542533.
88542533
What are the prime factors of 155145351?
3, 51715117
List the prime factors of 28846813.
28846813
What are the prime factors of 948141403?
11, 86194673
What are the prime factors of 134755758?
2, 3, 23, 108499
List the prime factors of 41356942.
2, 11, 229, 8209
List the prime factors of 3018895979.
11, 359, 764471
What are the prime factors of 675449998?
2, 337724999
List the prime factors of 8311346615.
5, 11, 13, 563, 1877
What are the prime factors of 365467520?
2, 5, 11, 51913
What are the prime factors of 1394661812?
2, 11317, 30809
List the prime factors of 54140399.
54140399
What are the prime factors of 775699980?
2, 3, 5, 11, 31, 1223
What are the prime factors of 886949074?
2, 11, 101, 563, 709
What are the prime factors of 46189982?
2, 29, 796379
List the prime factors of 356521958.
2, 13, 13712383
List the prime factors of 980934208.
2, 337, 45481
What are the prime factors of 176041556?
2, 44010389
List the prime factors of 29951314.
2, 17, 47, 18743
List the prime factors of 653515574.
2, 163, 277, 7237
List the prime factors of 2202057243.
3, 17, 283, 50857
List the prime factors of 405245882.
2, 67, 139, 21757
List the prime factors of 271925629.
97, 2803357
List the prime factors of 27103128.
2, 3, 13, 86869
What are the prime factors of 30941160?
2, 3, 5, 401, 643
What are the prime factors of 884644505?
5, 409, 432589
List the prime factors of 1776117616.
2, 7, 13, 1219861
What are the prime factors of 151489397?
17, 8911141
List the prime factors of 36497597.
1871, 19507
List the prime factors of 135822719.
311, 436729
List the prime factors of 41965743.
3, 61, 229321
List the prime factors of 1894056971.
19, 89, 1120081
List the prime factors of 25614971.
17, 43, 67, 523
List the prime factors of 949593178.
2, 31, 3571, 4289
List the prime factors of 12480824.
2, 479, 3257
List the prime factors of 1257138626.
2, 43, 14617891
What are the prime factors of 60217910?
2, 5, 17, 23, 15401
List the prime factors of 1240958278.
2, 7, 88639877
What are the prime factors of 4017133285?
5, 11, 541, 135007
What are